me factors of 39777993?
3, 233, 6323
What are the prime factors of 774350651?
774350651
List the prime factors of 2261440356.
2, 3, 7, 3845987
List the prime factors of 21436483.
23, 932021
What are the prime factors of 295608?
2, 3, 109, 113
List the prime factors of 447155934.
2, 3, 229, 503, 647
List the prime factors of 583020513.
3, 151, 429007
List the prime factors of 626092485.
3, 5, 41739499
What are the prime factors of 50496518?
2, 47, 537197
List the prime factors of 60276677.
223, 270299
What are the prime factors of 3197361430?
2, 5, 319736143
What are the prime factors of 2978584658?
2, 7, 751, 40471
List the prime factors of 21436266.
2, 3, 719, 4969
What are the prime factors of 943133729?
943133729
List the prime factors of 571906954.
2, 19, 2333, 6451
List the prime factors of 1654225083.
3, 7, 151, 173891
List the prime factors of 2224072486.
2, 1451, 766393
List the prime factors of 51338018.
2, 37, 693757
What are the prime factors of 2121890947?
11, 13367, 14431
List the prime factors of 33951959.
53, 751, 853
What are the prime factors of 5831011385?
5, 1166202277
What are the prime factors of 6067447?
71, 97, 881
List the prime factors of 724272982.
2, 857, 422563
List the prime factors of 7118958598.
2, 6551, 543349
List the prime factors of 4007243825.
5, 13, 17, 725293
List the prime factors of 9845319.
3, 11, 298343
What are the prime factors of 451097868?
2, 3, 13, 67, 43159
List the prime factors of 582012213.
3, 194004071
What are the prime factors of 430873950?
2, 3, 5, 13, 23, 739
What are the prime factors of 446525442?
2, 3, 11, 593, 3803
List the prime factors of 220400188.
2, 71, 776057
What are the prime factors of 102867404?
2, 25716851
List the prime factors of 1463804613.
3, 47, 3460531
What are the prime factors of 1141581463?
11, 103780133
List the prime factors of 4049739242.
2, 149, 1523, 8923
List the prime factors of 3023551793.
9721, 311033
List the prime factors of 1617380368.
2, 109, 927397
What are the prime factors of 1542374195?
5, 308474839
What are the prime factors of 6595638?
2, 3, 7, 53, 2963
What are the prime factors of 21211851?
3, 1093, 6469
List the prime factors of 49182927.
3, 29, 43, 13147
What are the prime factors of 47557767?
3, 23, 29, 23767
What are the prime factors of 117874181?
89, 1324429
List the prime factors of 439607586.
2, 3, 11, 6660721
List the prime factors of 1437118492.
2, 137, 2622479
What are the prime factors of 1931013101?
1009, 1913789
What are the prime factors of 3846178499?
3846178499
List the prime factors of 343973272.
2, 31, 41, 33829
List the prime factors of 5391434909.
7, 37, 619, 33629
List the prime factors of 311504044.
2, 787, 98953
List the prime factors of 53032907.
97, 546731
List the prime factors of 2303586457.
181, 1201, 10597
What are the prime factors of 3196973266?
2, 1598486633
What are the prime factors of 145392067?
1753, 82939
List the prime factors of 118006955.
5, 11, 193, 11117
What are the prime factors of 53307553?
13, 4100581
What are the prime factors of 8504023?
11, 773093
What are the prime factors of 2510842134?
2, 3, 19, 22024931
What are the prime factors of 49572803?
7, 29, 59, 4139
What are the prime factors of 809758350?
2, 3, 5, 127, 4723
What are the prime factors of 395643588?
2, 3, 32970299
List the prime factors of 2286622508.
2, 29, 73, 270031
List the prime factors of 24217866.
2, 3, 49831
List the prime factors of 200900171.
43, 4672097
What are the prime factors of 447657355?
5, 89531471
What are the prime factors of 1690206001?
11, 103, 1491797
What are the prime factors of 1616968480?
2, 5, 61, 165673
List the prime factors of 187323252.
2, 3, 15610271
List the prime factors of 4002694.
2, 2001347
List the prime factors of 1629491771.
1629491771
List the prime factors of 105746731.
29, 83, 43933
List the prime factors of 1422124.
2, 11, 32321
What are the prime factors of 1208493547?
17203, 70249
What are the prime factors of 957602962?
2, 17, 28164793
List the prime factors of 166528375.
5, 13, 7883
What are the prime factors of 236727275?
5, 61, 155231
List the prime factors of 63917112.
2, 3, 7, 380459
List the prime factors of 2466106280.
2, 5, 11, 2089, 2683
List the prime factors of 133719157.
11, 13, 85009
What are the prime factors of 42595038?
2, 3, 127, 6211
What are the prime factors of 402843852?
2, 3, 19, 588953
List the prime factors of 4332098919.
3, 1444032973
What are the prime factors of 112521728?
2, 11, 19979
What are the prime factors of 956597155?
5, 3643, 52517
List the prime factors of 7418564390.
2, 5, 3203, 231613
What are the prime factors of 2144579541?
3, 13, 54989219
List the prime factors of 38366281.
38366281
List the prime factors of 75249961.
47, 421, 3803
List the prime factors of 218313221.
7, 31187603
What are the prime factors of 639127006?
2, 7, 45651929
List the prime factors of 592279503.
3, 4871, 40531
What are the prime factors of 46521274?
2, 23260637
What are the prime factors of 39330079?
43, 89, 239
List the prime factors of 147899814.
2, 3, 24649969
List the prime factors of 5337211815.
3, 5, 13, 19, 43, 859
What are the prime factors of 130294214?
2, 43, 1515049
What are the prime factors of 553299426?
2, 3, 30738857
What are the prime factors of 151344035?
5, 787, 38461
List the prime factors of 592409371.
592409371
What are the prime factors of 1532453947?
313, 4896019
List the prime factors of 5720859365.
5, 13, 2851, 30871
List the prime factors of 7137748.
2, 349, 5113
What are the prime factors of 52186002?
2, 3, 11, 790697
List the prime factors of 211699125.
3, 5, 11, 17107
List the prime factors of 134020915.
5, 7, 3829169
List the prime factors of 2255001957.
3, 13, 6424507
What are the prime factors of 754752837?
3, 47, 1201, 4457
List the prime factors of 1028543645.
5, 205708729
What are the prime factors of 128996626?
2, 11, 2371, 2473
What are the prime factors of 387093320?
2, 5, 401, 24133
What are the prime factors of 351043787?
43, 73, 111833
List the prime factors of 539526279.
3, 461, 390113
List the prime factors of 43982982.
2, 3, 241, 10139
List the prime factors of 482574996.
2, 3, 19, 277, 283
What are the prime factors of 11124289?
11, 47, 21517
What are the prime factors of 31881980?
2, 5, 13, 47, 2609
List the prime factors of 17820593.
7, 67, 37997
List the prime factors of 185842436.
2, 13, 17, 210229
List the prime factors of 1674442333.
1674442333
What are the prime factors of 6487763338?
2, 7, 6793, 68219
What are the prime factors of 104436889?
104436889
List the prime factors of 6734736932.
2, 7, 11, 17, 29, 2609
List the prime factors of 435527768.
2, 13, 1061, 3947
What are the prime factors of 205138617?
3, 457, 149627
What are the prime factors of 209374410?
2, 3, 5, 7, 997021
What are the prime factors of 2706070444?
2, 7, 11, 8785943
List the prime factors of 27649517.
7, 53, 74527
What are the prime factors of 175070079?
3, 240151
What are the prime factors of 179163029?
197, 909457
What are the prime factors of 28408312?
2, 23, 181, 853
What are the prime factors of 3953209957?
3953209957
What are the prime factors of 45390798?
2, 3, 2521711
List the prime factors of 28378979.
28378979
List the prime factors of 23261669.
73, 318653
List the prime factors of 65322412.
2, 16330603
List the prime factors of 8447346096.
2, 3, 7, 47, 534913
List the prime factors of 4220846926.
2, 41, 2953, 17431
What are the prime factors of 469058984?
2, 58632373
List the prime factors of 2660297158.
2, 53, 473531
What are the prime factors of 1104847368?
2, 3, 46035307
What are the prime factors of 1401623306?
2, 6121, 114493
What are the prime factors of 37398253?
23, 97, 16763
List the prime factors of 112252231.
7, 13, 43, 28687
What are the prime factors of 117673234?
2, 7, 829, 10139
What are the prime factors of 54094141?
54094141
List the prime factors of 1428708549.
3, 23, 353, 58657
List the prime factors of 983974974.
2, 3, 317, 517337
What are the prime factors of 82206425?
5, 7, 101, 4651
List the prime factors of 30709876.
2, 23, 333803
What are the prime factors of 4815819858?
2, 3, 83, 9670321
List the prime factors of 97574562.
2, 3, 373, 14533
List the prime factors of 61797639.
3, 73, 269, 1049
List the prim